) + 1)).
1
Evaluate 4 + 19 + (-5 - 7) + 13.
24
Evaluate (-18 - (-20 - -21)) + 17.
-2
What is the value of -7 - 36 - (198 - 219)?
-22
What is (66 - 72) + -2 + 32 + (-21 - -18)?
21
Calculate 20 - -1 - (-9 - -1 - (-174 + 159)).
14
Calculate 0 + (-6 - 1) + (-5 - 14).
-26
Calculate (-28 - -36 - (8 - 2)) + 9 + -37.
-26
Calculate -26 + 26 + 3 - (-2 - 3).
8
Evaluate 18 - (-15 + (12 - 1) + 7).
15
What is (-44 - (1 + -19)) + 15?
-11
What is the value of 13 + -7 - 7 - 17?
-18
Evaluate (-16 - -19) + (-25 - 0).
-22
Calculate -1 - 0 - (9 + (2 - 1) + -4).
-7
5 + -3 + -6 + (0 - 19 - 2)
-25
Calculate 1 + 9 - (-23 + -8 - -41).
0
What is the value of (33 - (-23 + 33)) + -2 + 0 + 1?
22
What is the value of -1 + 12 - 14 - (-1 + 0 + -1)?
-1
What is (-9 - -2) + (-34 - -42)?
1
What is the value of (-4 - -8 - 5 - -4) + (-16 - -9)?
-4
Calculate -19 - (-9 + -22 - -40).
-28
What is 12 - 1 - (10 + (5 - (15 - 1)))?
10
Evaluate -29 - (2 + -26) - -11.
6
Calculate 8 + -7 - -7 - (47 + -35).
-4
-2 + (-6 - -10) - (14 + 1)
-13
Calculate (20 - -2 - (-26 + 43)) + -24 + -1.
-20
Evaluate 7 + -15 + -20 + 43.
15
Evaluate 1 + (-11 - (21 + -15)).
-16
Calculate -56 - -50 - (-13 + 0) - 7.
0
Evaluate -16 + 12 + 7 + -3 + -18.
-18
What is the value of -20 + 1 - (13 - 24)?
-8
What is -1430 - -1415 - (0 - -12)?
-27
Calculate -2 + -6 + 7 + -3 + -10.
-14
What is the value of -24 + 45 + 17 - 32?
6
Evaluate -7 - ((2 - -8) + (-7 - -4)).
-14
What is the value of -17 - -22 - (9 + -4)?
0
What is the value of 15 + -7 + 3 + -19 + 9?
1
What is 38 - (23 + 34) - 9?
-28
8 - (11 + 4 - 10) - (0 - 19)
22
13 + 56 - 16 - 26
27
Evaluate 1 + (-17 - -56 - 23).
17
Calculate 14 + -16 + 21 - 12.
7
(39 - (159 - 112)) + 1 + -8 + 1
-14
What is the value of 41 + -35 - (11 - 10) - (-1 + 13)?
-7
What is (2 - 2 - (-15 - -18)) + -2 + 2?
-3
What is 12 + 0 + -1 + -242 + 237?
6
Evaluate -2 + -11 + -10 + 1 + -6 + 6.
-22
-38 - 4 - (-14 + -13 + 15 + 2)
-32
Calculate 10 - 2 - 5 - (1 + -1).
3
What is the value of -60 + -3 + 36 - -4?
-23
8 + -9 + 14 + -8 + (-20 - -1)
-14
Calculate 2 + (-1 + (5 - -8) - 9) + -20.
-15
Evaluate 14 - (34 - 19) - (-3 - (-19 - -3)).
-14
-5 - (-32 + -18 + 24)
21
Evaluate -6 + -1 + (3 - 1) + (-208 - -204).
-9
Evaluate -173 - -199 - (43 + 1).
-18
-1 + (7 - (-20 + 45))
-19
Calculate -11 + 27 - (-9 - -36).
-11
What is 3 - (-8 - -5 - -3 - 0)?
3
What is 5 - (8 + (-2 - 1) - 15)?
15
What is the value of (-48 - -101) + 0 + -18 + 3?
38
Calculate 10 + 3 + (15 - (38 - 3)).
-7
Calculate (-2 + 1 - (-8 - -15)) + (11 - 9).
-6
Evaluate 0 + 8 - (-4 + 4 + 3 + 4).
1
Evaluate 0 + 2 + (1 - (11 + -5)).
-3
Calculate -20 + 29 - 7 - 12.
-10
What is (-25 - (8 + -28)) + (-8 + 4 - -10)?
1
What is the value of 6 - (5 + -4) - -13?
18
What is the value of -179 + 28 - -156 - (0 - 8 - 0)?
13
(-3 - (-40 - -29)) + -9
-1
Evaluate 1024 - 1017 - (-22 - 1).
30
Calculate -3 - (4 + (49 - 17)).
-39
What is the value of (2 + 12 - 2) + (4 - 7)?
9
-19 - (17 + -9 - -7) - -4
-30
Calculate 2 + 25 + (-1 - 3) + -5 + 0.
18
Evaluate 18 - (0 - 1) - ((19 - 6) + -11).
17
What is the value of 0 - ((-8 - -6) + (13 - -6))?
-17
Evaluate 10 + ((-15 - -3) + 9 - 0).
7
4 + (2 - 12) + (0 - 1)
-7
Evaluate -14 + 39 + -35 + (1 - -1 - -17).
9
Evaluate -16 + (10 - 10) - -20 - 19.
-15
Calculate 5 + -7 + -3 + 10 + (-1 - 0).
4
Evaluate (0 - (0 + -4)) + (16 - 2) + -9.
9
What is 7 + -1 - (1 - -13)?
-8
What is the value of -2 + (10 + 7 - 3) + 8?
20
Evaluate -22 + (-9 - (9 - 13)).
-27
What is the value of (7 - (8 - -7)) + (5 - 8 - -3)?
-8
Evaluate (-10 + 4 - -13 - -3) + (-1 - 30).
-21
Evaluate -19 + (15 - 7) + -1.
-12
Evaluate (-1 - -35) + (9 - -6 - 13) - 7.
29
Evaluate 13 + -9 + 3 + (7 - -5).
19
Calculate (-4 + -6 - (-4 + -3) - -6) + -15.
-12
What is (-7 - -16) + 3 - (8 - 1)?
5
Calculate 32 + (-10 - (-10 + 22 + -6)).
16
What is 19 + -5 + 36 + (-7 - 16)?
27
(-8 - -20) + -12 - (32 - 6 - -9)
-35
Calculate 0 - (0 - -1) - (-296 - -300).
-5
What is -23 + (-1 + -1 - (-10 + -4 + 7))?
-18
-31 - (-28 + (9 - -3) - -9 - -8)
-32
Calculate -7 - ((-21 - -27) + (2 - (9 + -2))).
-8
Evaluate 3 - 23 - (201 - 198).
-23
Calculate 6 - 1 - (25 - 6).
-14
Evaluate 2 - -6 - (-83 - -95).
-4
What is (-94 - -116) + (1 - 0) + (25 - 25)?
23
Calculate 7 + -29 + 9 + (-4 - 5) + 8.
-14
-51 + (-4 - -17) + 12 + 9
-17
What is the value of 2 - -2 - (8 - (-13 - -22))?
5
Calculate -11 + (-13 + 6 - (-15 - (0 + -4))).
-7
Evaluate (6 - 20) + -27 + 55.
14
Evaluate 2 + 10 - 30 - -29.
11
Evaluate 1 + (21 - (-29 + 22)).
29
-19 + 12 - (-5 - -7) - (-15 + -19)
25
14 + (14 - 22 - (2 + -5))
9
Calculate -1 - ((7 - 7) + -5 + (1 - -3)).
0
What is -15 - (-12 + 6 + -7)?
-2
Calculate 5 - ((-29 - -38) + -41).
37
What is the value of -42 + -33 + 51 - -29?
5
Evaluate (5 - -8) + -10 + -4 + (1 - -3).
3
Calculate 1 + -1 + (3 - (-5 - -21)) + 12.
-1
Evaluate 1 + 5 + (-113 - -123).
16
What is the value of -6 + 1 - (5 - 5 - -2) - -16?
9
Calculate -20 - (-12 + (9 - 8) - (-19 - 1)).
-29
Evaluate -30 + -2 + -3 + 24.
-11
What is -1 - (20 - 28 - (-2 + -13))?
-8
-6 - (-5 - (-9 + 7)) - 7
-10
Calculate (-10 - (17 - 17)) + 11.
1
Calculate (-4 - -5) + -3 - (-3 + 3) - 13.
-15
What is the value of -3 + 15 + -61 + 43?
-6
Evaluate 34 + -4 + 0 + -15.
15
(-31 + 5 - -5) + 42 + -32 - 7
-18
Calculate (-7 - (7 + 3 - 29)) + -3 - 6.
3
What is (1 + -26 - (-239 + 227)) + 8?
-5
What is 2 + 4 - (8 + -5 + -7 + 6)?
4
Evaluate -50 - 4 - (-36 - (3 - 20)).
-35
What is 116 + -139 + (12 - 0)?
-11
What is the value of -14 - (2 - 8) - -17 - -7?
16
Calculate -11 + 11 + (-5 - -11).
6
What is the value of -855 + 834 - (1 - -1)?
-23
Evaluate -6 - (4 + 4 + 1).
-15
(96 + -35 - 57) + (-1 - (-1 - -19))
-15
What is 343 - 353 - (-3 - (1 + 0)) - -16?
10
What is -9 - ((-2 - 4) + (-1 - 33) + 4)?
27
0 - -11 - (1 + -2 - (34 + -34))
12
Evaluate -15 - (-6 + (-3 - -5) + 9 + -4).
-16
What is 10 + -1 - (302 + -302)?
9
Evaluate 47 - 18 - ((-5 - -3) + 20).
11
What is the value of (-11 - -1) + 4 - -14 - -4?
12
-5 + 3 + -3 + -3 - -12
4
What is (24 - 14) + (-15 - -2) + (1 - 0)?
-2
Evaluate 17 + -3 - (2 - -39) - (-2 - -4).
-29
11 + (-3 + 7 - (-4 - -7 - -7))
5
Evaluate 19 + (-17 - -1 - -7) + -32.
-22
Evaluate 4 - (18 + -12 + (2 - -4)).
-8
Calculate (0 - (4 + -11) - 4) + -10.
-7
What is the value of -1 + 12 + 0 + -9?
2
What is 30 - (26 - 12) - 14?
2
What is 15 + (-24 - -7 - -3)?
1
What is (-87 + 104 - (59 + -1)) + 13?
-28
What is the value of -50 + 64 - (0 - 1) - 4?
11
(-28 - -11) + 24 - 37
-30
Calculate -63 + 64 + (-2 - 12) - (9 - 21).
-1
What is the value of -8 + (5 - 2 - ((0 - -2) + 2))?
-9
Evaluate -12 - -2 - (11 - 17).
-4
What is -11 + (-13 - -10) + (-3 - (1 + -9))?
-9
Evaluate 9 + 3 + -8 + -3 + 1 - 5.
-3
What is the value of (14 - 7 - -8) + -28?
-13
What is the value of 5 + 1 - (363 + -373)?
16
Evaluate -42 + 15 + 17 + -14.
-24
Calculate -4 - ((1 - -10) + 137 + -150).
-2
(51 - 50) + (5 - (2 + 1)) - -1
4
Evaluate -8 + 7 - (2 + 1) - (-5 - 18).
19
Evaluate -7 + (6 - -10) + -43 + 3 + 8.
-23
9 + -1 + (-3 - 6) + 4
3
What is the value of (-21 - -11 - 2) + 0 + -2 + 6?
-8
Evaluate (-1 - -1) + -1072 + 1067.
-5
What is the value of (6 - 0) + 57 + -70 + -1 + 4?
-4
What is the value of (2 + 6 - (-9 - (-5 + -8))) + -5?
-1
What is -1 + -3 + -6 + (46 - 15)?
21
Calculate -8 - (-13 + 11 + -18).
12
2 + -11 + (44 - 43) + 2 + 29
23
Calculate 1 + (-1 - 0 - (-11 - (-7 - 4))).
0
What is 2 + (0 - -11 - 2) + 242 + -245?
8
Evaluate (13 - -18) + -15 + 0.
16
What is the value of 0 - -9 - (13 - (27 - 22))?
1
What is the value of (22 + -6 - (-1 + 3)) + (0 - 4)?
10
What is the value of -6 + 4 - 12 - -9 - 10?
-15
Evaluate -9 - (17 + -20) - -4.
-2
What is (-5 + -6 - -21) + -8 - (1 - 4)?
5
25 - -6 - 17 - 12 - -7
9
-32 + 16 + 27 + 9
20
What is (4 - -4) + (-46 - -37)?
-1
Evaluate 9 + -88 + 54 - (-2 - (3 - 4)).
-24
Calculate -20 + 3 + (7 - 0 - (-6 - -22)).
-26
-1 + 2 - (523 - 543)
21
What is -2 + (-2 + 11 - (-27 + 29))?
5
Evaluate -1 - -6 - (31 - (-17 + (45 - 9))).
-7
Calculate 8 + -10 + (-8 - -3) + 3 + -19.
-23
Calculate -15 - (7 - (14 + -16)).
-24
What is the value of 11 - (7 + 4 + 3)?
-3
What is the value of -16 - (11 - 19 - 11)?
3
-12 + (-15 - -12 - (10 - 12))
-13
(-2 + 0 - (25 - 23)) + 0
-4
-37 - (3 + -19 - 3) - (3 - -1)
-22
(-13 - -7) + 16 - -2
12
0 + 0 - -2 - (354 - 361)
9
What is the value of 0 - 20 - (-1 - 8)?
-11
(13 - -1) + (-2 -